umber?
True
Is 17899 a prime number?
False
Is 11273 a composite number?
False
Is 132383 a composite number?
False
Is 10007 a composite number?
False
Is 3973 prime?
False
Is 598867 prime?
True
Is 243197 a composite number?
False
Is 83207 composite?
False
Is 86923 composite?
False
Is 13093 a composite number?
False
Is 2707 composite?
False
Is 598777 prime?
True
Is 1151 a prime number?
True
Is 31474 composite?
True
Is 519487 composite?
False
Is 10289 a composite number?
False
Is 56755 a prime number?
False
Is 889867 composite?
True
Is 60013 composite?
False
Is 337033 prime?
False
Is 100571 a prime number?
False
Is 17879 a composite number?
True
Is 310861 a composite number?
False
Is 1036459 prime?
True
Is 2371 a composite number?
False
Is 724393 prime?
True
Is 11366 a prime number?
False
Is 14165 a prime number?
False
Is 332069 prime?
True
Is 60898 a composite number?
True
Is 1543 prime?
True
Is 78623 a prime number?
True
Is 159479 a composite number?
True
Is 91489 a prime number?
False
Is 72031 a composite number?
False
Is 4831 a composite number?
False
Is 7477 a prime number?
True
Is 5534 prime?
False
Is 12037 a composite number?
False
Is 6371 a composite number?
True
Is 3196651 prime?
True
Is 1166479 prime?
True
Is 13045 a composite number?
True
Is 500629 a prime number?
True
Is 19258 composite?
True
Is 12601 a composite number?
False
Is 2600729 prime?
False
Is 6245 prime?
False
Is 215669 prime?
False
Is 254 composite?
True
Is 11311 composite?
False
Is 260441 prime?
True
Is 29717 composite?
False
Is 2149471 a composite number?
False
Is 39946 a prime number?
False
Is 294967 a composite number?
True
Is 14519 a prime number?
True
Is 12829 a prime number?
True
Is 95422 prime?
False
Is 15227 prime?
True
Is 57353 a composite number?
True
Is 442529 a composite number?
True
Is 135193 prime?
True
Is 352327 prime?
True
Is 915881 a prime number?
True
Is 1886837 a prime number?
False
Is 59834 a composite number?
True
Is 57935 a composite number?
True
Is 26409 composite?
True
Is 1102711 a composite number?
True
Is 13654 a composite number?
True
Is 5333 a prime number?
True
Is 45161 composite?
False
Is 56111 a composite number?
True
Is 2463 prime?
False
Is 66523 prime?
True
Is 193517 a composite number?
True
Is 748927 a composite number?
True
Is 29243 composite?
False
Is 1711 prime?
False
Is 266269 a composite number?
False
Is 8923 prime?
True
Is 131 a composite number?
False
Is 173065 a composite number?
True
Is 195722 a composite number?
True
Is 77581 a prime number?
False
Is 373187 a prime number?
True
Is 1850461 composite?
True
Is 10291 composite?
True
Is 170787 a prime number?
False
Is 27673 composite?
False
Is 14431 prime?
True
Is 157359 a composite number?
True
Is 2059367 a composite number?
False
Is 1769 composite?
True
Is 921623 a composite number?
True
Is 392923 prime?
True
Is 5953 a prime number?
True
Is 40813 prime?
True
Is 6514 a prime number?
False
Is 1194941 a prime number?
False
Is 34841 a prime number?
True
Is 59741 a prime number?
False
Is 95129 a composite number?
True
Is 159307 prime?
False
Is 1907 prime?
True
Is 14447 a composite number?
False
Is 123653 composite?
False
Is 231589 composite?
False
Is 17781 prime?
False
Is 51593 a composite number?
False
Is 28277 a prime number?
True
Is 48385 prime?
False
Is 12751 prime?
False
Is 448039 prime?
False
Is 12473 prime?
True
Is 16663 prime?
False
Is 547421 a composite number?
True
Is 457831 composite?
True
Is 1298499 a prime number?
False
Is 10453 a composite number?
False
Is 83557 a prime number?
True
Is 5981 a prime number?
True
Is 14071 a prime number?
True
Is 24907 prime?
True
Is 1554635 composite?
True
Is 8641 composite?
False
Is 867209 a composite number?
True
Is 408589 a prime number?
False
Is 3147286 a composite number?
True
Is 772589 a composite number?
True
Is 6007 composite?
False
Is 25483 a prime number?
False
Is 21341 composite?
False
Is 39329 a composite number?
True
Is 44113 a composite number?
True
Is 9115 a composite number?
True
Is 16301 a composite number?
False
Is 1259 a prime number?
True
Is 31699 prime?
True
Is 1725583 composite?
False
Is 341423 a prime number?
True
Is 2138189 a composite number?
False
Is 124071 a prime number?
False
Is 943955 composite?
True
Is 1711 composite?
True
Is 63241 composite?
False
Is 19739 a prime number?
True
Is 287 composite?
True
Is 2238899 a prime number?
False
Is 570281 a composite number?
True
Is 225217 a prime number?
True
Is 2749 a prime number?
True
Is 160733 prime?
False
Is 50341 prime?
True
Is 263639 prime?
False
Is 71567 prime?
False
Is 1249 composite?
False
Is 13901 prime?
True
Is 4377 a prime number?
False
Is 53135 prime?
False
Is 65057 prime?
False
Is 14591 composite?
False
Is 107563 a composite number?
False
Is 80285 prime?
False
Is 31967 a prime number?
False
Is 17461 a prime number?
False
Is 129993 composite?
True
Is 11239 a prime number?
True
Is 138793 a prime number?
True
Is 70799 a prime number?
False
Is 7627 composite?
True
Is 2503 composite?
False
Is 23099 a prime number?
True
Is 5099 a prime number?
True
Is 1307471 prime?
False
Is 56697 a prime number?
False
Is 1415483 composite?
True
Is 16307 composite?
True
Is 18263 a composite number?
True
Is 214039 a prime number?
False
Is 76667 a prime number?
True
Is 42979 a composite number?
False
Is 184429 a composite number?
True
Is 2368613 a composite number?
True
Is 118669 composite?
False
Is 12055 a composite number?
True
Is 511 a composite number?
True
Is 10589 composite?
False
Is 30399 prime?
False
Is 10679 composite?
True
Is 7451 a composite number?
False
Is 504793 prime?
False
Is 18479 prime?
False
Is 601937 composite?
True
Is 37803 a prime number?
False
Is 175549 a prime number?
False
Is 62633 prime?
True
Is 360527 a composite number?
True
Is 2537419 prime?
True
Is 5711 composite?
False
Is 679067 a composite number?
False
Is 1361 prime?
True
Is 22733 prime?
False
Is 307757 composite?
True
Is 573 composite?
True
Is 133471 composite?
True
Is 69899 prime?
True
Is 358417 prime?
True
Is 161363 composite?
False
Is 8419 a prime number?
True
Is 17521 a composite number?
True
Is 300283 a prime number?
False
Is 2203 prime?
True
Is 39439 a prime number?
True
Is 12553 a prime number?
True
Is 5609 composite?
True
Is 147973 prime?
False
Is 7807 prime?
False
Is 623 a composite number?
True
Is 189683 prime?
False
Is 2263463 prime?
True
Is 48229 a prime number?
False
Is 2731 composite?
False
Is 1953821 a composite number?
False
Is 45053 prime?
True
Is 304267 composite?
True
Is 302167 a composite number?
False
Is 7103 composite?
False
Is 30985 composite?
True
Is 53959 a composite number?
False
Is 334201 a prime number?
False
Is 467 prime?
True
Is 433759 a prime number?
True
Is 39977 a prime number?
False
Is 12889 a composite number?
False
Is 658751 a composite number?
False
Is 933965 composite?
True
Is 44711 composite?
False
Is 2843 prime?
True
Is 113753 composite?
True
Is 16729 composite?
False
Is 15347 prime?
False
Is 111299 prime?
False
Is 30021 a composite number?
True
Is 6997 composite?
False
Is 109534 composite?
True
Is 116417 a composite number?
True
Is 51169 a prime number?
True
Is 553053 composite?
True
Is 23447 a prime number?
True
Is 307 prime?
True
Is 919 prime?
True
Is 218323 a prime number?
False
Is 2369 a composite number?
True
Is 221531 prime?
False
Is 12661 a prime number?
False
Is 4045 a prime number?
False
Is 10903 a prime number?
True
Is 713 a prime number?
False
Is 3862 a composite number?
True
Is 36187 prime?
True
Is 690771 composite?
True
Is 491 a composite number?
False
Is 11989 composite?
True
Is 271735 a composite number?
True
Is 957701 composite?
False
Is 1013377 a composite number?
False
Is 214433 prime?
True
Is 2285 composite?
True
Is 405595 composite?
True
Is 103901 composite?
True
Is 97771 prime?
True
Is 1213 prime?
True
Is 676111 composite?
False
Is 5623 composite?
False
Is 656189 a composite number?
True
Is 59667 composite?
True
Is 14657 prime?
True
Is 22229 composite?
False
Is 60569 a prime number?
False
Is 135257 a composite number?
False
Is 803963 prime?
True
Is 570893 a composite number?
True
Is 567629 composite?
True
Is 25997 composite?
False
Is 1541497 prime?
True
Is 49429 a prime number?
True
Is 1552981 a prime number?
True
Is 872467 prime?
Fal